{"id":7,"date":"2021-12-24T20:44:25","date_gmt":"2021-12-24T20:44:25","guid":{"rendered":"https:\/\/1222f.se\/?page_id=7"},"modified":"2024-02-14T07:45:58","modified_gmt":"2024-02-14T07:45:58","slug":"om","status":"publish","type":"page","link":"https:\/\/1222f.se\/index.php\/om\/","title":{"rendered":"Om oss"},"content":{"rendered":"\r\n<p>Vi som \u00e4ger denna l\u00e4genhet \u00e4r en familj fr\u00e5n Str\u00e4ngn\u00e4s med 3 barn.<\/p>\r\n<p>Anders, 50 \u00e5r, arbetar med it, gillar idrott och \u00e5ker helst i de svarta backarna.<\/p>\r\n<p>Sara, 48 \u00e5r, \u00e4r ekonom, tr\u00e4nar g\u00e4rna p\u00e5 gym och f\u00f6redrar de r\u00f6da backarna. Under vintern 2022\/2023 t\u00e4nkte hon prova l\u00e4ngdskid\u00e5kning.<\/p>\r\n<p>Elsa, 18 \u00e5r, studerar p\u00e5 gymnasiet, syr och m\u00e5lar tavlor. Hon \u00e5ker i alla backar b\u00e5de med snowboard och skidor.<\/p>\r\n<p>Lina, 14 \u00e5r, g\u00e5r s\u00e5klart i skolan. Lina tr\u00e4nar n\u00e4stan alla veckans dagar och \u00e5ker helst i de bl\u00e5 backarna med b\u00e5de snowboard och skidor. Men denna vinter l\u00e4gger hon extra tid p\u00e5 sin simning och balett och \u00e5ker mindre skidor.\u00a0<\/p>\r\n<p>Max, 10 \u00e5r, g\u00e5r i fyran och gillar engelska och matte b\u00e4st. Max l\u00e4r sig att \u00e5ka parallellt med skidorna i de bl\u00e5 backarna och \u00e5ker g\u00e4rna \u00e4ven i familjebacken och mycket i skogen.\u00a0\u00a0<\/p>\r\n<p>&nbsp;<\/p>\r\n","protected":false},"excerpt":{"rendered":"<p>Vi som \u00e4ger denna l\u00e4genhet \u00e4r en familj fr\u00e5n Str\u00e4ngn\u00e4s med 3 barn. Anders, 50 \u00e5r, arbetar med it, gillar idrott och \u00e5ker helst i de svarta backarna. Sara, 48 \u00e5r, \u00e4r ekonom, tr\u00e4nar g\u00e4rna p\u00e5 gym och f\u00f6redrar de r\u00f6da backarna. Under vintern 2022\/2023 t\u00e4nkte hon prova l\u00e4ngdskid\u00e5kning. Elsa, 18 \u00e5r, studerar p\u00e5 gymnasiet, [&hellip;]<\/p>\n","protected":false},"author":1,"featured_media":0,"parent":0,"menu_order":0,"comment_status":"closed","ping_status":"closed","template":"","meta":{"footnotes":""},"class_list":["post-7","page","type-page","status-publish","hentry"],"_links":{"self":[{"href":"https:\/\/1222f.se\/index.php\/wp-json\/wp\/v2\/pages\/7","targetHints":{"allow":["GET"]}}],"collection":[{"href":"https:\/\/1222f.se\/index.php\/wp-json\/wp\/v2\/pages"}],"about":[{"href":"https:\/\/1222f.se\/index.php\/wp-json\/wp\/v2\/types\/page"}],"author":[{"embeddable":true,"href":"https:\/\/1222f.se\/index.php\/wp-json\/wp\/v2\/users\/1"}],"replies":[{"embeddable":true,"href":"https:\/\/1222f.se\/index.php\/wp-json\/wp\/v2\/comments?post=7"}],"version-history":[{"count":6,"href":"https:\/\/1222f.se\/index.php\/wp-json\/wp\/v2\/pages\/7\/revisions"}],"predecessor-version":[{"id":133,"href":"https:\/\/1222f.se\/index.php\/wp-json\/wp\/v2\/pages\/7\/revisions\/133"}],"wp:attachment":[{"href":"https:\/\/1222f.se\/index.php\/wp-json\/wp\/v2\/media?parent=7"}],"curies":[{"name":"wp","href":"https:\/\/api.w.org\/{rel}","templated":true}]}}