{"id":45,"date":"2022-12-26T19:31:20","date_gmt":"2022-12-26T19:31:20","guid":{"rendered":"https:\/\/1222f.se\/?page_id=45"},"modified":"2022-12-29T21:06:26","modified_gmt":"2022-12-29T21:06:26","slug":"elbilsladdning","status":"publish","type":"page","link":"https:\/\/1222f.se\/index.php\/elbilsladdning\/","title":{"rendered":"Elbilsladdning"},"content":{"rendered":"<p>F\u00f6r att ladda din elbil hos p\u00e5 Gullbr\u00e4ndan finns fyra platser &#8221;p\u00e5 g\u00e5rden&#8221;.<\/p>\n<p>Om ni laddar och st\u00e5r p\u00e5 handikapp-platsen, se till att ni har laddkabeln i s\u00e5 att du inte f\u00e5r ev problem med b\u00f6ter (har inte skett men man vet ju aldrig&#8230;).<\/p>\n<p>&nbsp;<\/p>\n<p>Scanna qr-koden som sitter p\u00e5 stolparna f\u00f6r mer info.<\/p>\n<p>&nbsp;<\/p>\n","protected":false},"excerpt":{"rendered":"<p>F\u00f6r att ladda din elbil hos p\u00e5 Gullbr\u00e4ndan finns fyra platser &#8221;p\u00e5 g\u00e5rden&#8221;. Om ni laddar och st\u00e5r p\u00e5 handikapp-platsen, se till att ni har laddkabeln i s\u00e5 att du inte f\u00e5r ev problem med b\u00f6ter (har inte skett men man vet ju aldrig&#8230;). &nbsp; Scanna qr-koden som sitter p\u00e5 stolparna f\u00f6r mer info. &nbsp;<\/p>\n","protected":false},"author":1,"featured_media":0,"parent":0,"menu_order":0,"comment_status":"closed","ping_status":"closed","template":"","meta":{"footnotes":""},"class_list":["post-45","page","type-page","status-publish","hentry"],"_links":{"self":[{"href":"https:\/\/1222f.se\/index.php\/wp-json\/wp\/v2\/pages\/45","targetHints":{"allow":["GET"]}}],"collection":[{"href":"https:\/\/1222f.se\/index.php\/wp-json\/wp\/v2\/pages"}],"about":[{"href":"https:\/\/1222f.se\/index.php\/wp-json\/wp\/v2\/types\/page"}],"author":[{"embeddable":true,"href":"https:\/\/1222f.se\/index.php\/wp-json\/wp\/v2\/users\/1"}],"replies":[{"embeddable":true,"href":"https:\/\/1222f.se\/index.php\/wp-json\/wp\/v2\/comments?post=45"}],"version-history":[{"count":4,"href":"https:\/\/1222f.se\/index.php\/wp-json\/wp\/v2\/pages\/45\/revisions"}],"predecessor-version":[{"id":128,"href":"https:\/\/1222f.se\/index.php\/wp-json\/wp\/v2\/pages\/45\/revisions\/128"}],"wp:attachment":[{"href":"https:\/\/1222f.se\/index.php\/wp-json\/wp\/v2\/media?parent=45"}],"curies":[{"name":"wp","href":"https:\/\/api.w.org\/{rel}","templated":true}]}}