{"id":37,"date":"2021-12-26T19:12:09","date_gmt":"2021-12-26T19:12:09","guid":{"rendered":"https:\/\/1222f.se\/?page_id=37"},"modified":"2021-12-29T15:31:46","modified_gmt":"2021-12-29T15:31:46","slug":"att-gora-i-klappen-salen-vintertid","status":"publish","type":"page","link":"https:\/\/1222f.se\/index.php\/att-gora-i-klappen-salen-vintertid\/","title":{"rendered":"Att g\u00f6ra i Kl\u00e4ppen\/S\u00e4len vintertid"},"content":{"rendered":"<p>Vad g\u00f6r man i Kl\u00e4ppen f\u00f6rutom att \u00e5ka utf\u00f6r i backarna?<\/p>\n<p><strong>L\u00e4ngd\u00e5kning<\/strong><\/p>\n<p>Bes\u00f6k <a href=\"https:\/\/www.klappen.se\/skidakning\/langd\/langdspar\/\">Kl\u00e4ppen (klappen.se)<\/a> f\u00f6r mer info om Kl\u00e4ppens l\u00e4ngd\u00e5kning.<\/p>\n<p>Bes\u00f6k <a href=\"https:\/\/www.skistar.com\/sv\/vara-skidorter\/salen\/vinter-i-salen\/langdskidakning-salen\/\">H\u00e4r hittar du l\u00e4ngdsp\u00e5ren i Lindvallen\/H\u00f6gfj\u00e4llet och Tand\u00e5dalen\/Hundfj\u00e4llet! (skistar.com)<\/a> f\u00f6r S\u00e4lens l\u00e4ngd\u00e5kning.<\/p>\n<p><strong>Sn\u00f6skor<\/strong><\/p>\n<p>Testa sn\u00f6skor. L\u00e4s mer p\u00e5 <a href=\"https:\/\/www.klappen.se\/att-gora\/aktiviteter\/snoskovandring\/\">Kl\u00e4ppen (klappen.se)<\/a><\/p>\n<p><strong>Skoter<\/strong><\/p>\n<p>Skotersafari hos Kl\u00e4ppen; <a href=\"https:\/\/www.klappen.se\/att-gora\/aktiviteter\/skotersafari\/\">Kl\u00e4ppen (klappen.se)<\/a><\/p>\n<p>F\u00f6r \u00f6vriga skoterakt\u00f6rer bes\u00f6k g\u00e4rna <a href=\"https:\/\/www.visitdalarna.se\/snoskoter-salen\">Skoter\u00e5kning i S\u00e4len | Visit Dalarna<\/a><\/p>\n<p><strong>Skridsko\u00e5kning<\/strong><\/p>\n<p>S\u00e4lfj\u00e4llstorget. Gratis utl\u00e5ning av skridskor, hj\u00e4lmar och \u00e4ven sparkar finns.<\/p>\n<p><strong>Icekarting<\/strong><\/p>\n<p>Tand\u00e5dalen. Bes\u00f6k <a href=\"https:\/\/www.icekart.nu\/\">Hem | Icekart S\u00e4len AB<\/a>.<\/p>\n<p><strong>Bowling<\/strong><\/p>\n<p>Experium; <a href=\"https:\/\/www.skistar.com\/sv\/experium\/spel-lek\/bowling\/\">Bowling (skistar.com)<\/a><\/p>\n<p><strong>\u00c4ventyrsbad<\/strong><\/p>\n<p>Experium;\u00a0 <a href=\"https:\/\/www.skistar.com\/sv\/experium\/aventyrsbad-surf\/\">\u00c4ventyrsbad (skistar.com)<\/a><\/p>\n<p><strong>Padel<\/strong><\/p>\n<p><a href=\"https:\/\/lifepadel.se\/vara-center\/salen\/\">Center S\u00e4len &#8211; V\u00e4lkommen till Life Padel<\/a><\/p>\n<p><strong>Bio<\/strong><\/p>\n<p>Experium. Biljetter k\u00f6ps p\u00e5 <a href=\"https:\/\/www.filmstaden.se\/\">Filmstaden | Film \u00e4r b\u00e4st p\u00e5 bio<\/a>.<\/p>\n<p>Vinterpalatset. H\u00f6gfj\u00e4llshotellet. Biljetter och info p\u00e5 <a href=\"https:\/\/www.hogis.se\/biograf-i-salen\">Hotell i S\u00e4len &#8211; En v\u00e4rld av upplevelser f\u00f6r livsnjutaren (hogis.se)<\/a><\/p>\n","protected":false},"excerpt":{"rendered":"<p>Vad g\u00f6r man i Kl\u00e4ppen f\u00f6rutom att \u00e5ka utf\u00f6r i backarna? L\u00e4ngd\u00e5kning Bes\u00f6k Kl\u00e4ppen (klappen.se) f\u00f6r mer info om Kl\u00e4ppens l\u00e4ngd\u00e5kning. Bes\u00f6k H\u00e4r hittar du l\u00e4ngdsp\u00e5ren i Lindvallen\/H\u00f6gfj\u00e4llet och Tand\u00e5dalen\/Hundfj\u00e4llet! (skistar.com) f\u00f6r S\u00e4lens l\u00e4ngd\u00e5kning. Sn\u00f6skor Testa sn\u00f6skor. L\u00e4s mer p\u00e5 Kl\u00e4ppen (klappen.se) Skoter Skotersafari hos Kl\u00e4ppen; Kl\u00e4ppen (klappen.se) F\u00f6r \u00f6vriga skoterakt\u00f6rer bes\u00f6k g\u00e4rna Skoter\u00e5kning i [&hellip;]<\/p>\n","protected":false},"author":1,"featured_media":0,"parent":0,"menu_order":0,"comment_status":"closed","ping_status":"closed","template":"","meta":{"footnotes":""},"class_list":["post-37","page","type-page","status-publish","hentry"],"_links":{"self":[{"href":"https:\/\/1222f.se\/index.php\/wp-json\/wp\/v2\/pages\/37","targetHints":{"allow":["GET"]}}],"collection":[{"href":"https:\/\/1222f.se\/index.php\/wp-json\/wp\/v2\/pages"}],"about":[{"href":"https:\/\/1222f.se\/index.php\/wp-json\/wp\/v2\/types\/page"}],"author":[{"embeddable":true,"href":"https:\/\/1222f.se\/index.php\/wp-json\/wp\/v2\/users\/1"}],"replies":[{"embeddable":true,"href":"https:\/\/1222f.se\/index.php\/wp-json\/wp\/v2\/comments?post=37"}],"version-history":[{"count":17,"href":"https:\/\/1222f.se\/index.php\/wp-json\/wp\/v2\/pages\/37\/revisions"}],"predecessor-version":[{"id":64,"href":"https:\/\/1222f.se\/index.php\/wp-json\/wp\/v2\/pages\/37\/revisions\/64"}],"wp:attachment":[{"href":"https:\/\/1222f.se\/index.php\/wp-json\/wp\/v2\/media?parent=37"}],"curies":[{"name":"wp","href":"https:\/\/api.w.org\/{rel}","templated":true}]}}